{"id":13339,"date":"2026-02-06T07:59:07","date_gmt":"2026-02-06T12:59:07","guid":{"rendered":"https:\/\/incp.org.co\/ContArte\/?page_id=13339"},"modified":"2026-04-15T16:53:13","modified_gmt":"2026-04-15T21:53:13","slug":"eventos","status":"publish","type":"page","link":"https:\/\/incp.org.co\/ContArte\/eventos\/","title":{"rendered":"Eventos"},"content":{"rendered":"\n<div class=\"eventos-contenedor\">\n\n    <!-- Evento 1 -->\n    <div class=\"evento-card\">\n        <img decoding=\"async\" class=\"evento-imagen\" src=\"https:\/\/incp.org.co\/ContArte\/wp-content\/uploads\/2026\/04\/e1.jpg\" \/>\n        <div class=\"evento-contenido\">\n            <div class=\"evento-header\">\n                <h3 class=\"evento-titulo\">La pol\u00edtica monetaria en un contexto progresista<\/h3>\n                <p class=\"evento-descripcion\">Conoce sobre la pol\u00edtica monetaria de Colombia en un espacio de aprendizaje y di\u00e1logo entre ciudadan\u00eda e institucionalidad.<\/p>\n            <\/div>\n            <div class=\"evento-detalles\">\n                <div class=\"detalle-bloque\">\n                    <span class=\"detalle-etiqueta\">Fecha<\/span>\n                    <span class=\"detalle-valor\">21 de abril de 2026<\/span>\n                <\/div>\n                <div class=\"detalle-bloque\">\n                    <span class=\"detalle-etiqueta\">Lugar<\/span>\n                    <span class=\"detalle-valor\">Virtual y presencial \u2013 Centro Cultural Gabriel Garc\u00eda M\u00e1rquez \u2013 Calle 11 # 5 \u2013 60, Bogot\u00e1<\/span>\n                <\/div>\n                <div class=\"detalle-bloque\">\n                    <span class=\"detalle-etiqueta\">Hora<\/span>\n                    <span class=\"detalle-valor\">9:00 a.m. &#8211; 6:00 p.m.<\/span>\n                <\/div>\n            <\/div>\n            <a class=\"boton-inscribirse\" href=\"https:\/\/docs.google.com\/forms\/d\/e\/1FAIpQLScqoFF1AZjwT0RehpiVHusji8fjLhnqiWTT2RgI9lDO3mT8tA\/viewform\">Inscr\u00edbete aqu\u00ed<\/a>\n        <\/div>\n    <\/div>\n\n    <!-- Evento 2 -->\n    <div class=\"evento-card\">\n        <img decoding=\"async\" class=\"evento-imagen\" src=\"https:\/\/incp.org.co\/ContArte\/wp-content\/uploads\/2026\/04\/e2.jpg\" alt=\"R\u00e9gimen Tributario Especial para entidades sin \u00e1nimo de lucro\" \/>\n        <div class=\"evento-contenido\">\n            <div class=\"evento-header\">\n                <h3 class=\"evento-titulo\">R\u00e9gimen Tributario Especial para entidades sin \u00e1nimo de lucro<\/h3>\n                <p class=\"evento-descripcion\">Conoce los beneficios, requisitos y obligaciones del R\u00e9gimen Tributario Especial para las entidades sin \u00e1nimo de lucro (ESAL).<\/p>\n            <\/div>\n            <div class=\"evento-detalles\">\n                <div class=\"detalle-bloque\">\n                    <span class=\"detalle-etiqueta\">Fecha<\/span>\n                    <span class=\"detalle-valor\">21 de abril de 2026<\/span>\n                <\/div>\n                <div class=\"detalle-bloque\">\n                    <span class=\"detalle-etiqueta\">Lugar<\/span>\n                    <span class=\"detalle-valor\">Online (Zoom)<\/span>\n                <\/div>\n                <div class=\"detalle-bloque\">\n                    <span class=\"detalle-etiqueta\">Hora<\/span>\n                    <span class=\"detalle-valor\">9:00 a.m.<\/span>\n                <\/div>\n            <\/div>\n            <a class=\"boton-inscribirse\" href=\"https:\/\/us02web.zoom.us\/webinar\/register\/WN_O7HWlHbzTj6H6k69oTHxLg#\/registration\">Inscr\u00edbete aqu\u00edaqu\u00ed<\/a>\n        <\/div>\n    <\/div>\n\n    <!-- Evento 3 -->\n    <div class=\"evento-card\">\n        <img decoding=\"async\" class=\"evento-imagen\" src=\"https:\/\/incp.org.co\/ContArte\/wp-content\/uploads\/2026\/04\/e3.jpg\" alt=\"Movement for Mind en el Teatro Jorge Eli\u00e9cer Gait\u00e1n\" \/>\n        <div class=\"evento-contenido\">\n            <div class=\"evento-header\">\n                <h3 class=\"evento-titulo\">Movement for Mind en el Teatro Jorge Eli\u00e9cer Gait\u00e1n<\/h3>\n                <p class=\"evento-descripcion\">Disfruta danza y salud mental en Movement for Mind con entrada libre hasta completar aforo.<\/p>\n            <\/div>\n            <div class=\"evento-detalles\">\n                <div class=\"detalle-bloque\">\n                    <span class=\"detalle-etiqueta\">Fecha<\/span>\n                    <span class=\"detalle-valor\">24 de abril de 2026<\/span>\n                <\/div>\n                <div class=\"detalle-bloque\">\n                    <span class=\"detalle-etiqueta\">Lugar<\/span>\n                    <span class=\"detalle-valor\">Teatro Jorge Eli\u00e9cer Gait\u00e1n de Bogot\u00e1 &#8211; Carrera 7 #22-47<\/span>\n                <\/div>\n                <div class=\"detalle-bloque\">\n                    <span class=\"detalle-etiqueta\">Hora<\/span>\n                    <span class=\"detalle-valor\">7:00 p.m.<\/span>\n                <\/div>\n            <\/div>\n            <a class=\"boton-inscribirse\" href=\"https:\/\/bogota.gov.co\/que-hacer\/cultura\/planes-bogota-en-teatro-gaitan-obra-de-salud-mental-movement-mind\">M\u00e1s informaci\u00f3n aqu\u00ed.<\/a>\n        <\/div>\n    <\/div>\n\n<\/div>\n\n    <style>\n        \/* RESET Y ESTILOS BASE *\/\n        .eventos-contenedor {\n            display: flex;\n            flex-wrap: wrap;\n            justify-content: center;\n            gap: 20px;\n            max-width: 1200px;\n            margin: 0 auto;\n            padding: 20px;\n            font-family: -apple-system, BlinkMacSystemFont, 'Segoe UI', Roboto, sans-serif;\n            box-sizing: border-box;\n        }\n        .evento-card {\n            flex: 0 0 320px;\n            width: 320px;\n            background: #ffffff;\n            border-radius: 16px;\n            overflow: hidden;\n            box-shadow: 0 4px 12px rgba(0,0,0,0.08);\n            border: 1px solid #edf2f7;\n            display: flex;\n            flex-direction: column;\n            margin: 0;\n            transition: transform 0.2s ease, box-shadow 0.2s ease;\n        }\n        .evento-card:hover {\n            transform: translateY(-4px);\n            box-shadow: 0 12px 24px rgba(0,0,0,0.12);\n        }\n        .evento-imagen {\n            width: 100%;\n            height: 160px;\n            object-fit: cover;\n            display: block;\n        }\n        .evento-contenido {\n            padding: 20px;\n            display: flex;\n            flex-direction: column;\n            flex: 1;\n            background: white;\n        }\n        .evento-header {\n            margin-bottom: 16px;\n        }\n        .evento-titulo {\n            font-size: 18px;\n            font-weight: 700;\n            color: #1a2639;\n            margin: 0 0 8px 0;\n            line-height: 1.4;\n            display: -webkit-box;\n            -webkit-line-clamp: 3;\n            -webkit-box-orient: vertical;\n            overflow: hidden;\n            min-height: 72px;\n        }\n        .evento-descripcion {\n            font-size: 13px;\n            color: #4a5568;\n            line-height: 1.5;\n            margin: 0;\n            text-align:justify;\n            display: -webkit-box;\n            -webkit-line-clamp: 3;\n            -webkit-box-orient: vertical;\n            overflow: hidden;\n            min-height: 57px;\n        }\n        .evento-detalles {\n            flex: 1;\n            margin-bottom: 16px;\n        }\n        .detalle-bloque {\n            margin-bottom: 12px;\n            padding-bottom: 12px;\n            border-bottom: 1px dashed #e2e8f0;\n        }\n        .detalle-bloque:last-child {\n            border-bottom: none;\n            margin-bottom: 0;\n            padding-bottom: 0;\n        }\n        .detalle-etiqueta {\n            display: block;\n            font-size: 11px;\n            font-weight: 700;\n            color: #1a2639;\n            text-transform: uppercase;\n            letter-spacing: 0.5px;\n            margin-bottom: 2px;\n        }\n        .detalle-valor {\n            display: block;\n            font-size: 14px;\n            color: #2d3748;\n            line-height: 1.4;\n        }\n        .direccion {\n            font-size: 12px;\n            color: #718096;\n            margin-top: 2px;\n        }\n        .boton-inscribirse {\n            display: block;\n            width: 100%;\n            background: #1a2639;\n            color: white;\n            text-decoration: none;\n            padding: 10px 16px;\n            border-radius: 8px;\n            font-weight: 600;\n            font-size: 14px;\n            text-align: center;\n            border: none;\n            cursor: pointer;\n            transition: background 0.2s ease;\n            box-sizing: border-box;\n            margin-top: 8px;\n        }\n        .boton-inscribirse:hover {\n            background: #2c3e50;\n        }\n        \/* M\u00d3VIL - Centrado perfecto *\/\n        @media (max-width: 768px) {\n            .eventos-contenedor {\n                padding: 15px;\n                gap: 20px;\n                justify-content: center;\n            }\n            .evento-card {\n                flex: 0 0 100%;\n                width: 100%;\n                max-width: 400px;\n                margin: 0 auto;\n            }\n            .evento-imagen {\n                height: 180px;\n            }\n            .evento-titulo {\n                font-size: 18px;\n                min-height: auto;\n                -webkit-line-clamp: unset;\n                overflow: visible;\n            }\n            .evento-descripcion {\n                font-size: 14px;\n                min-height: auto;\n                -webkit-line-clamp: unset;\n                overflow: visible;\n            }\n            .detalle-etiqueta {\n                font-size: 12px;\n            }\n            .detalle-valor {\n                font-size: 15px;\n            }\n            .direccion {\n                font-size: 13px;\n            }\n            .boton-inscribirse {\n                padding: 12px 16px;\n                font-size: 15px;\n            }\n        }\n        @media (max-width: 480px) {\n            .eventos-contenedor {\n                padding: 10px;\n                gap: 15px;\n            }\n            .evento-card {\n                max-width: 100%;\n            }\n            .evento-imagen {\n                height: 160px;\n            }\n            .evento-contenido {\n                padding: 16px;\n            }\n            .evento-titulo {\n                font-size: 17px;\n            }\n            .evento-descripcion {\n                font-size: 13px;\n            }\n            .detalle-etiqueta {\n                font-size: 11px;\n            }\n            .detalle-valor {\n                font-size: 14px;\n            }\n            .boton-inscribirse {\n                padding: 10px 14px;\n                font-size: 14px;\n            }\n        }\n        \/* Para pantallas muy peque\u00f1as *\/\n        @media (max-width: 360px) {\n            .evento-contenido {\n                padding: 14px;\n            }\n            .evento-titulo {\n                font-size: 16px;\n            }\n            .evento-descripcion {\n                font-size: 12px;\n            }\n            .boton-inscribirse {\n                padding: 8px 12px;\n                font-size: 13px;\n            }\n        }\n    <\/style>\n","protected":false},"excerpt":{"rendered":"<p>La pol\u00edtica monetaria en un contexto progresista Conoce sobre la pol\u00edtica monetaria de Colombia en un espacio de aprendizaje y di\u00e1logo entre ciudadan\u00eda e institucionalidad. Fecha 21 de abril de 2026 Lugar Virtual y presencial \u2013 Centro Cultural Gabriel Garc\u00eda M\u00e1rquez \u2013 Calle 11 # 5 \u2013 60, Bogot\u00e1 Hora 9:00 a.m. &#8211; 6:00 p.m.&hellip; <br \/> <a class=\"read-more\" href=\"https:\/\/incp.org.co\/ContArte\/eventos\/\">Read more<\/a><\/p>\n","protected":false},"author":1,"featured_media":0,"parent":0,"menu_order":0,"comment_status":"closed","ping_status":"closed","template":"pro\/page-templates\/full-width-page.php","meta":{"footnotes":""},"class_list":["post-13339","page","type-page","status-publish","hentry"],"_links":{"self":[{"href":"https:\/\/incp.org.co\/ContArte\/wp-json\/wp\/v2\/pages\/13339","targetHints":{"allow":["GET"]}}],"collection":[{"href":"https:\/\/incp.org.co\/ContArte\/wp-json\/wp\/v2\/pages"}],"about":[{"href":"https:\/\/incp.org.co\/ContArte\/wp-json\/wp\/v2\/types\/page"}],"author":[{"embeddable":true,"href":"https:\/\/incp.org.co\/ContArte\/wp-json\/wp\/v2\/users\/1"}],"replies":[{"embeddable":true,"href":"https:\/\/incp.org.co\/ContArte\/wp-json\/wp\/v2\/comments?post=13339"}],"version-history":[{"count":95,"href":"https:\/\/incp.org.co\/ContArte\/wp-json\/wp\/v2\/pages\/13339\/revisions"}],"predecessor-version":[{"id":14620,"href":"https:\/\/incp.org.co\/ContArte\/wp-json\/wp\/v2\/pages\/13339\/revisions\/14620"}],"wp:attachment":[{"href":"https:\/\/incp.org.co\/ContArte\/wp-json\/wp\/v2\/media?parent=13339"}],"curies":[{"name":"wp","href":"https:\/\/api.w.org\/{rel}","templated":true}]}}