{"id":2066,"date":"2023-10-25T16:20:24","date_gmt":"2023-10-25T21:20:24","guid":{"rendered":"https:\/\/incp.org.co\/encuentro-financiero-contable\/?page_id=2066"},"modified":"2023-10-25T16:24:45","modified_gmt":"2023-10-25T21:24:45","slug":"encuesta-de-satisfaccion","status":"publish","type":"page","link":"https:\/\/incp.org.co\/encuentro-financiero-contable\/encuesta-de-satisfaccion\/","title":{"rendered":"ENCUESTA DE SATISFACCI\u00d3N"},"content":{"rendered":"\t\t<div data-elementor-type=\"wp-page\" data-elementor-id=\"2066\" class=\"elementor elementor-2066\">\n\t\t\t\t\t\t<section class=\"elementor-section elementor-top-section elementor-element elementor-element-982035c elementor-section-boxed elementor-section-height-default elementor-section-height-default\" data-id=\"982035c\" data-element_type=\"section\" data-e-type=\"section\">\n\t\t\t\t\t\t<div class=\"elementor-container elementor-column-gap-default\">\n\t\t\t\t\t<div class=\"elementor-column elementor-col-100 elementor-top-column elementor-element elementor-element-ec9a7c9\" data-id=\"ec9a7c9\" data-element_type=\"column\" data-e-type=\"column\">\n\t\t\t<div class=\"elementor-widget-wrap elementor-element-populated\">\n\t\t\t\t\t\t<div class=\"elementor-element elementor-element-a8331c6 fluentform-widget-submit-button-custom elementor-widget elementor-widget-fluent-form-widget\" data-id=\"a8331c6\" data-element_type=\"widget\" data-e-type=\"widget\" data-widget_type=\"fluent-form-widget.default\">\n\t\t\t\t<div class=\"elementor-widget-container\">\n\t\t\t\t\t\n            <div class=\"fluentform-widget-wrapper fluentform-widget-align-default\">\n\n                            <div class=\"fluentform-widget-heading\">\n                                                        <\/div>\n            \n            <div class='fluentform ff-default fluentform_wrapper_3 ffs_default_wrap'><form data-form_id=\"3\" id=\"fluentform_3\" class=\"frm-fluent-form fluent_form_3 ff-el-form-top ff_form_instance_3_1 ff-form-loading ffs_default\" data-form_instance=\"ff_form_instance_3_1\" method=\"POST\" ><fieldset  style=\"border: none!important;margin: 0!important;padding: 0!important;background-color: transparent!important;box-shadow: none!important;outline: none!important; min-inline-size: 100%;\">\n                    <legend class=\"ff_screen_reader_title\" style=\"display: block; margin: 0!important;padding: 0!important;height: 0!important;text-indent: -999999px;width: 0!important;overflow:hidden;\">Formulario EFI<\/legend><p style=\"display: none !important;\" class=\"akismet-fields-container\" data-prefix=\"ak_\"><label>&#916;<textarea name=\"ak_hp_textarea\" cols=\"45\" rows=\"8\" maxlength=\"100\"><\/textarea><\/label><input type=\"hidden\" id=\"ak_js_1\" name=\"ak_js\" value=\"215\"\/><script>document.getElementById( \"ak_js_1\" ).setAttribute( \"value\", ( new Date() ).getTime() );<\/script><\/p><input type='hidden' name='__fluent_form_embded_post_id' value='2066' \/><input type=\"hidden\" id=\"_fluentform_3_fluentformnonce\" name=\"_fluentform_3_fluentformnonce\" value=\"4b6aeb981d\" \/><input type=\"hidden\" name=\"_wp_http_referer\" value=\"\/encuentro-financiero-contable\/wp-json\/wp\/v2\/pages\/2066\" \/><div data-type=\"name-element\" data-name=\"names\" class=\" ff-field_container ff-name-field-wrapper\" ><div class='ff-t-container'><div class='ff-t-cell '><div class='ff-el-group'><div class=\"ff-el-input--label ff-el-is-required asterisk-right\"><label for='ff_3_names_first_name_' id='label_ff_3_names_first_name_' >Nombres y apellidos<\/label><\/div><div class='ff-el-input--content'><input type=\"text\" name=\"names[first_name]\" id=\"ff_3_names_first_name_\" class=\"ff-el-form-control\" placeholder=\" Nombre\" aria-invalid=\"false\" aria-required=true><\/div><\/div><\/div><\/div><\/div><div class='ff-el-group'><div class=\"ff-el-input--label ff-el-is-required asterisk-right\"><label for='ff_3_email' id='label_ff_3_email' aria-label=\"Correo electr\u00f3nico\">Correo electr\u00f3nico<\/label><\/div><div class='ff-el-input--content'><input type=\"email\" name=\"email\" id=\"ff_3_email\" class=\"ff-el-form-control\" placeholder=\"Correo Electronico\" data-name=\"email\"  aria-invalid=\"false\" aria-required=true><\/div><\/div><div class='ff-el-group'><div class=\"ff-el-input--label ff-el-is-required asterisk-right\"><label for='ff_3_numeric-field' id='label_ff_3_numeric-field' aria-label=\"Documento de identidad\">Documento de identidad<\/label><\/div><div class='ff-el-input--content'><input type=\"number\" name=\"numeric-field\" id=\"ff_3_numeric-field\" class=\"ff-el-form-control\" data-name=\"numeric-field\" inputmode=\"numeric\" step=\"any\"  aria-invalid=\"false\" aria-required=true><\/div><\/div><div class='ff-el-group  ff-custom_html' tabindex='-1' data-name=\"custom_html-3_1\" ><h4><span style=\"color: #2e384d\"><strong>Califique los siguientes \u00edtems de 1 a 5, siendo 1 la calificaci\u00f3n m\u00e1s baja y 5 la m\u00e1s alta<\/strong><\/span><\/h4><\/div><div class='ff-el-group'><div class=\"ff-el-input--label ff-el-is-required asterisk-right\"><label   aria-label=\"\u00bfLa agenda t\u00e9cnica cumpli\u00f3 con sus expectativas?\">\u00bfLa agenda t\u00e9cnica cumpli\u00f3 con sus expectativas?<\/label><\/div><div class='ff-el-input--content'><div class='ff-el-form-check ff-el-form-check-'><label class='ff-el-form-check-label' for='checkbox_1_831410c5e3f28974b1792c0ac734bcb8'><input  type=\"checkbox\" name=\"checkbox_1[]\" data-name=\"checkbox_1\" class=\"ff-el-form-check-input ff-el-form-check-checkbox\" value=\"1\"  id='checkbox_1_831410c5e3f28974b1792c0ac734bcb8' aria-label='1' aria-invalid='false' aria-required=true> <span>1<\/span><\/label><\/div><div class='ff-el-form-check ff-el-form-check-'><label class='ff-el-form-check-label' for='checkbox_1_9e112034bf71ea20bb18d8e30d26be78'><input  type=\"checkbox\" name=\"checkbox_1[]\" data-name=\"checkbox_1\" class=\"ff-el-form-check-input ff-el-form-check-checkbox\" value=\"2\"  id='checkbox_1_9e112034bf71ea20bb18d8e30d26be78' aria-label='2' aria-invalid='false' aria-required=true> <span>2<\/span><\/label><\/div><div class='ff-el-form-check ff-el-form-check-'><label class='ff-el-form-check-label' for='checkbox_1_210865a273e032a36587003ada514f52'><input  type=\"checkbox\" name=\"checkbox_1[]\" data-name=\"checkbox_1\" class=\"ff-el-form-check-input ff-el-form-check-checkbox\" value=\"3\"  id='checkbox_1_210865a273e032a36587003ada514f52' aria-label='3' aria-invalid='false' aria-required=true> <span>3<\/span><\/label><\/div><div class='ff-el-form-check ff-el-form-check-'><label class='ff-el-form-check-label' for='checkbox_1_ed98dc1c6709224836b1d0ce139e80d8'><input  type=\"checkbox\" name=\"checkbox_1[]\" data-name=\"checkbox_1\" class=\"ff-el-form-check-input ff-el-form-check-checkbox\" value=\"4\"  id='checkbox_1_ed98dc1c6709224836b1d0ce139e80d8' aria-label='4' aria-invalid='false' aria-required=true> <span>4<\/span><\/label><\/div><div class='ff-el-form-check ff-el-form-check-'><label class='ff-el-form-check-label' for='checkbox_1_bcd480cac398c8489ce0177af18f72ae'><input  type=\"checkbox\" name=\"checkbox_1[]\" data-name=\"checkbox_1\" class=\"ff-el-form-check-input ff-el-form-check-checkbox\" value=\"5\"  id='checkbox_1_bcd480cac398c8489ce0177af18f72ae' aria-label='5' aria-invalid='false' aria-required=true> <span>5<\/span><\/label><\/div><\/div><\/div><div class='ff-el-group'><div class=\"ff-el-input--label ff-el-is-required asterisk-right\"><label   aria-label=\"\u00bfCalidad de nuestros conferencistas?\">\u00bfCalidad de nuestros conferencistas?<\/label><\/div><div class='ff-el-input--content'><div class='ff-el-form-check ff-el-form-check-'><label class='ff-el-form-check-label' for='checkbox_5_2d1992c93dcc2e5cee040dc49cd6b30a'><input  type=\"checkbox\" name=\"checkbox_5[]\" data-name=\"checkbox_5\" class=\"ff-el-form-check-input ff-el-form-check-checkbox\" value=\"1\"  id='checkbox_5_2d1992c93dcc2e5cee040dc49cd6b30a' aria-label='1' aria-invalid='false' aria-required=true> <span>1<\/span><\/label><\/div><div class='ff-el-form-check ff-el-form-check-'><label class='ff-el-form-check-label' for='checkbox_5_cf618e026a0ed9e5c39c4093d0c218cf'><input  type=\"checkbox\" name=\"checkbox_5[]\" data-name=\"checkbox_5\" class=\"ff-el-form-check-input ff-el-form-check-checkbox\" value=\"2\"  id='checkbox_5_cf618e026a0ed9e5c39c4093d0c218cf' aria-label='2' aria-invalid='false' aria-required=true> <span>2<\/span><\/label><\/div><div class='ff-el-form-check ff-el-form-check-'><label class='ff-el-form-check-label' for='checkbox_5_b702df99ad6e35f8fd674433ca2bcc54'><input  type=\"checkbox\" name=\"checkbox_5[]\" data-name=\"checkbox_5\" class=\"ff-el-form-check-input ff-el-form-check-checkbox\" value=\"3\"  id='checkbox_5_b702df99ad6e35f8fd674433ca2bcc54' aria-label='3' aria-invalid='false' aria-required=true> <span>3<\/span><\/label><\/div><div class='ff-el-form-check ff-el-form-check-'><label class='ff-el-form-check-label' for='checkbox_5_fcd0d2b607cf3579584d61e98f649f09'><input  type=\"checkbox\" name=\"checkbox_5[]\" data-name=\"checkbox_5\" class=\"ff-el-form-check-input ff-el-form-check-checkbox\" value=\"4\"  id='checkbox_5_fcd0d2b607cf3579584d61e98f649f09' aria-label='4' aria-invalid='false' aria-required=true> <span>4<\/span><\/label><\/div><div class='ff-el-form-check ff-el-form-check-'><label class='ff-el-form-check-label' for='checkbox_5_a2e7a685c6c4da9ba741795ec5c5b9c6'><input  type=\"checkbox\" name=\"checkbox_5[]\" data-name=\"checkbox_5\" class=\"ff-el-form-check-input ff-el-form-check-checkbox\" value=\"5\"  id='checkbox_5_a2e7a685c6c4da9ba741795ec5c5b9c6' aria-label='5' aria-invalid='false' aria-required=true> <span>5<\/span><\/label><\/div><\/div><\/div><div class='ff-el-group'><div class=\"ff-el-input--label ff-el-is-required asterisk-right\"><label   aria-label=\"\u00bfCalidad Campus Virtual?\">\u00bfCalidad Campus Virtual?<\/label><\/div><div class='ff-el-input--content'><div class='ff-el-form-check ff-el-form-check-'><label class='ff-el-form-check-label' for='checkbox_2_baf6b324be7855cb52bc8cc2f64d33fb'><input  type=\"checkbox\" name=\"checkbox_2[]\" data-name=\"checkbox_2\" class=\"ff-el-form-check-input ff-el-form-check-checkbox\" value=\"1\"  id='checkbox_2_baf6b324be7855cb52bc8cc2f64d33fb' aria-label='1' aria-invalid='false' aria-required=true> <span>1<\/span><\/label><\/div><div class='ff-el-form-check ff-el-form-check-'><label class='ff-el-form-check-label' for='checkbox_2_30c6ec598dbb1b2ec513e217d05d90d0'><input  type=\"checkbox\" name=\"checkbox_2[]\" data-name=\"checkbox_2\" class=\"ff-el-form-check-input ff-el-form-check-checkbox\" value=\"2\"  id='checkbox_2_30c6ec598dbb1b2ec513e217d05d90d0' aria-label='2' aria-invalid='false' aria-required=true> <span>2<\/span><\/label><\/div><div class='ff-el-form-check ff-el-form-check-'><label class='ff-el-form-check-label' for='checkbox_2_3e10e0678adef9f1630b87d225b5b4a2'><input  type=\"checkbox\" name=\"checkbox_2[]\" data-name=\"checkbox_2\" class=\"ff-el-form-check-input ff-el-form-check-checkbox\" value=\"3\"  id='checkbox_2_3e10e0678adef9f1630b87d225b5b4a2' aria-label='3' aria-invalid='false' aria-required=true> <span>3<\/span><\/label><\/div><div class='ff-el-form-check ff-el-form-check-'><label class='ff-el-form-check-label' for='checkbox_2_26881da940da2324aa010c0c14efd7ee'><input  type=\"checkbox\" name=\"checkbox_2[]\" data-name=\"checkbox_2\" class=\"ff-el-form-check-input ff-el-form-check-checkbox\" value=\"4\"  id='checkbox_2_26881da940da2324aa010c0c14efd7ee' aria-label='4' aria-invalid='false' aria-required=true> <span>4<\/span><\/label><\/div><div class='ff-el-form-check ff-el-form-check-'><label class='ff-el-form-check-label' for='checkbox_2_d33409587bc6699a867891d8f824cc1b'><input  type=\"checkbox\" name=\"checkbox_2[]\" data-name=\"checkbox_2\" class=\"ff-el-form-check-input ff-el-form-check-checkbox\" value=\"5\"  id='checkbox_2_d33409587bc6699a867891d8f824cc1b' aria-label='5' aria-invalid='false' aria-required=true> <span>5<\/span><\/label><\/div><\/div><\/div><div class='ff-el-group'><div class=\"ff-el-input--label ff-el-is-required asterisk-right\"><label   aria-label=\"\u00bfCalidad de la atenci\u00f3n recibida por el personal INCP?\">\u00bfCalidad de la atenci\u00f3n recibida por el personal INCP?<\/label><\/div><div class='ff-el-input--content'><div class='ff-el-form-check ff-el-form-check-'><label class='ff-el-form-check-label' for='checkbox_4_591fe069779f15abe578abba8aa35104'><input  type=\"checkbox\" name=\"checkbox_4[]\" data-name=\"checkbox_4\" class=\"ff-el-form-check-input ff-el-form-check-checkbox\" value=\"1\"  id='checkbox_4_591fe069779f15abe578abba8aa35104' aria-label='1' aria-invalid='false' aria-required=true> <span>1<\/span><\/label><\/div><div class='ff-el-form-check ff-el-form-check-'><label class='ff-el-form-check-label' for='checkbox_4_a2660619a3aaf431c0fd6d47ab0dfb08'><input  type=\"checkbox\" name=\"checkbox_4[]\" data-name=\"checkbox_4\" class=\"ff-el-form-check-input ff-el-form-check-checkbox\" value=\"2\"  id='checkbox_4_a2660619a3aaf431c0fd6d47ab0dfb08' aria-label='2' aria-invalid='false' aria-required=true> <span>2<\/span><\/label><\/div><div class='ff-el-form-check ff-el-form-check-'><label class='ff-el-form-check-label' for='checkbox_4_a217491a75e21cb03898e632b9338133'><input  type=\"checkbox\" name=\"checkbox_4[]\" data-name=\"checkbox_4\" class=\"ff-el-form-check-input ff-el-form-check-checkbox\" value=\"3\"  id='checkbox_4_a217491a75e21cb03898e632b9338133' aria-label='3' aria-invalid='false' aria-required=true> <span>3<\/span><\/label><\/div><div class='ff-el-form-check ff-el-form-check-'><label class='ff-el-form-check-label' for='checkbox_4_5f2d192b189512dd0691506f9da47048'><input  type=\"checkbox\" name=\"checkbox_4[]\" data-name=\"checkbox_4\" class=\"ff-el-form-check-input ff-el-form-check-checkbox\" value=\"4\"  id='checkbox_4_5f2d192b189512dd0691506f9da47048' aria-label='4' aria-invalid='false' aria-required=true> <span>4<\/span><\/label><\/div><div class='ff-el-form-check ff-el-form-check-'><label class='ff-el-form-check-label' for='checkbox_4_c5d8a5d6c0ea0e61272a4c2f2f477582'><input  type=\"checkbox\" name=\"checkbox_4[]\" data-name=\"checkbox_4\" class=\"ff-el-form-check-input ff-el-form-check-checkbox\" value=\"5\"  id='checkbox_4_c5d8a5d6c0ea0e61272a4c2f2f477582' aria-label='5' aria-invalid='false' aria-required=true> <span>5<\/span><\/label><\/div><\/div><\/div><div class='ff-el-group'><div class=\"ff-el-input--label asterisk-right\"><label for='ff_3_message' id='label_ff_3_message' aria-label=\"\u00bfCu\u00e9ntanos tu experiencia en el evento?\">\u00bfCu\u00e9ntanos tu experiencia en el evento?<\/label><\/div><div class='ff-el-input--content'><textarea aria-required=\"false\" aria-labelledby=\"label_ff_3_message\" name=\"message\" id=\"ff_3_message\" class=\"ff-el-form-control\" placeholder=\"Your Message\" rows=\"4\" cols=\"2\" data-name=\"message\" ><\/textarea><\/div><\/div><div class='ff-el-group ff-text-left ff_submit_btn_wrapper'><button type=\"submit\" class=\"ff-btn ff-btn-submit ff-btn-md ff_btn_style\"  aria-label=\"Enviar\">Enviar<\/button><\/div><\/fieldset><\/form><div id='fluentform_3_errors' class='ff-errors-in-stack ff_form_instance_3_1 ff-form-loading_errors ff_form_instance_3_1_errors'><\/div><\/div>            <script type=\"text\/javascript\">\n                window.fluent_form_ff_form_instance_3_1 = {\"id\":\"3\",\"settings\":{\"layout\":{\"labelPlacement\":\"top\",\"helpMessagePlacement\":\"with_label\",\"errorMessagePlacement\":\"inline\",\"cssClassName\":\"\",\"asteriskPlacement\":\"asterisk-right\"},\"restrictions\":{\"denyEmptySubmission\":{\"enabled\":false}}},\"form_instance\":\"ff_form_instance_3_1\",\"form_id_selector\":\"fluentform_3\",\"rules\":{\"names[first_name]\":{\"required\":{\"value\":true,\"message\":\"This field is required\"}},\"names[middle_name]\":{\"required\":{\"value\":false,\"message\":\"This field is required\"}},\"names[last_name]\":{\"required\":{\"value\":false,\"message\":\"This field is required\"}},\"email\":{\"required\":{\"value\":true,\"message\":\"This field is required\"},\"email\":{\"value\":true,\"message\":\"This field must contain a valid email\"}},\"numeric-field\":{\"required\":{\"value\":true,\"message\":\"This field is required\"},\"numeric\":{\"value\":true,\"message\":\"Este campo debe contener valor num\\u00e9rico\"},\"min\":{\"value\":\"\",\"message\":\"El valor m\\u00ednimo es \"},\"max\":{\"value\":\"\",\"message\":\"El valor m\\u00e1ximo es \"},\"digits\":{\"value\":\"\",\"message\":\"The number of digits has to be \"}},\"checkbox_1\":{\"required\":{\"value\":true,\"message\":\"This field is required\"}},\"checkbox_5\":{\"required\":{\"value\":true,\"message\":\"This field is required\"}},\"checkbox_2\":{\"required\":{\"value\":true,\"message\":\"This field is required\"}},\"checkbox_4\":{\"required\":{\"value\":true,\"message\":\"This field is required\"}},\"message\":{\"required\":{\"value\":false,\"message\":\"This field is required\"}}},\"debounce_time\":300};\n                            <\/script>\n                        <\/div>\n\n            \t\t\t\t<\/div>\n\t\t\t\t<\/div>\n\t\t\t\t\t<\/div>\n\t\t<\/div>\n\t\t\t\t\t<\/div>\n\t\t<\/section>\n\t\t\t\t<\/div>\n\t\t","protected":false},"excerpt":{"rendered":"<p>Formulario EFI &#916; Nombres y apellidosCorreo electr\u00f3nicoDocumento de identidad Califique los siguientes \u00edtems de 1 a 5, siendo 1 la calificaci\u00f3n m\u00e1s baja y 5 la m\u00e1s alta \u00bfLa agenda t\u00e9cnica cumpli\u00f3 con sus expectativas? 1 2 3 4 5\u00bfCalidad de nuestros conferencistas? 1 2 3 4 5\u00bfCalidad Campus Vistual? 1 2 3 4 5\u00bfCalidad &hellip; <\/p>\n","protected":false},"author":1051,"featured_media":0,"parent":0,"menu_order":0,"comment_status":"closed","ping_status":"closed","template":"","meta":{"footnotes":""},"class_list":["post-2066","page","type-page","status-publish","hentry","latest_post"],"_links":{"self":[{"href":"https:\/\/incp.org.co\/encuentro-financiero-contable\/wp-json\/wp\/v2\/pages\/2066","targetHints":{"allow":["GET"]}}],"collection":[{"href":"https:\/\/incp.org.co\/encuentro-financiero-contable\/wp-json\/wp\/v2\/pages"}],"about":[{"href":"https:\/\/incp.org.co\/encuentro-financiero-contable\/wp-json\/wp\/v2\/types\/page"}],"author":[{"embeddable":true,"href":"https:\/\/incp.org.co\/encuentro-financiero-contable\/wp-json\/wp\/v2\/users\/1051"}],"replies":[{"embeddable":true,"href":"https:\/\/incp.org.co\/encuentro-financiero-contable\/wp-json\/wp\/v2\/comments?post=2066"}],"version-history":[{"count":7,"href":"https:\/\/incp.org.co\/encuentro-financiero-contable\/wp-json\/wp\/v2\/pages\/2066\/revisions"}],"predecessor-version":[{"id":2073,"href":"https:\/\/incp.org.co\/encuentro-financiero-contable\/wp-json\/wp\/v2\/pages\/2066\/revisions\/2073"}],"wp:attachment":[{"href":"https:\/\/incp.org.co\/encuentro-financiero-contable\/wp-json\/wp\/v2\/media?parent=2066"}],"curies":[{"name":"wp","href":"https:\/\/api.w.org\/{rel}","templated":true}]}}