{"id":47,"date":"2020-07-29T10:09:28","date_gmt":"2020-07-29T15:09:28","guid":{"rendered":"https:\/\/www.incp.org.co\/tienda_incp\/?page_id=47"},"modified":"2020-12-15T12:15:32","modified_gmt":"2020-12-15T17:15:32","slug":"membresias","status":"publish","type":"page","link":"https:\/\/incp.org.co\/tienda-online\/membresias\/","title":{"rendered":"Membres\u00edas"},"content":{"rendered":"\n<p class=\"has-text-align-left has-text-color\" style=\"font-size:25px;color:#00aeef\"><strong>Para ti<\/strong><\/p>\n\n\n<div data-block-name=\"woocommerce\/product-category\" data-categories=\"[57]\" class=\"wc-block-grid wp-block-product-category wp-block-woocommerce-product-category wc-block-product-category has-3-columns has-multiple-rows\"><ul class=\"wc-block-grid__products\"><li class=\"wc-block-grid__product\">\n\t\t<a href=\"https:\/\/incp.org.co\/tienda-online\/product\/membresia-afiliado\/\" class=\"wc-block-grid__product-link\">\n\t\t\t<div class=\"wc-block-grid__product-image\"><img loading=\"lazy\" decoding=\"async\" width=\"445\" height=\"445\" src=\"https:\/\/incp.org.co\/tienda-online\/wp-content\/uploads\/2020\/11\/socio-plus-445A.jpg\" class=\"attachment-woocommerce_thumbnail size-woocommerce_thumbnail\" alt=\"Membres\u00eda Plus\" \/><\/div>\t\t\n\t\t\t<div class=\"wc-block-grid__product-title\">Membres\u00eda Plus<\/div>\n\t\t<\/a>\n\t\t\n\t\t<div class=\"wc-block-grid__product-price price\"><\/div>\n\t\t\n\t\t<div class=\"wp-block-button wc-block-grid__product-add-to-cart\"><a href=\"https:\/\/incp.org.co\/tienda-online\/product\/membresia-afiliado\/\" aria-label=\"Lee m\u00e1s sobre &ldquo;Membres\u00eda Plus&rdquo;\" data-quantity=\"1\" data-product_id=\"495\" data-product_sku=\"\" data-price=\"0\" rel=\"nofollow\" class=\"wp-block-button__link  add_to_cart_button\">Leer m\u00e1s<\/a><\/div>\n\t<\/li><li class=\"wc-block-grid__product\">\n\t\t<a href=\"https:\/\/incp.org.co\/tienda-online\/product\/membresia-activo\/\" class=\"wc-block-grid__product-link\">\n\t\t\t<div class=\"wc-block-grid__product-image\"><img loading=\"lazy\" decoding=\"async\" width=\"445\" height=\"445\" src=\"https:\/\/incp.org.co\/tienda-online\/wp-content\/uploads\/2020\/11\/socio-elite-445a.jpg\" class=\"attachment-woocommerce_thumbnail size-woocommerce_thumbnail\" alt=\"Membres\u00eda \u00c9lite\" \/><\/div>\t\t\n\t\t\t<div class=\"wc-block-grid__product-title\">Membres\u00eda \u00c9lite<\/div>\n\t\t<\/a>\n\t\t\n\t\t<div class=\"wc-block-grid__product-price price\"><\/div>\n\t\t\n\t\t<div class=\"wp-block-button wc-block-grid__product-add-to-cart\"><a href=\"https:\/\/incp.org.co\/tienda-online\/product\/membresia-activo\/\" aria-label=\"Lee m\u00e1s sobre &ldquo;Membres\u00eda \u00c9lite&rdquo;\" data-quantity=\"1\" data-product_id=\"496\" data-product_sku=\"\" data-price=\"0\" rel=\"nofollow\" class=\"wp-block-button__link  add_to_cart_button\">Leer m\u00e1s<\/a><\/div>\n\t<\/li><\/ul><\/div>\n\n\n<p class=\"has-text-align-left has-text-color\" style=\"font-size:25px;color:#00aeef\"><strong>Para tu empresa<\/strong><\/p>\n\n\n<div data-block-name=\"woocommerce\/product-category\" data-categories=\"[58]\" class=\"wc-block-grid wp-block-product-category wp-block-woocommerce-product-category wc-block-product-category has-3-columns has-multiple-rows\"><ul class=\"wc-block-grid__products\"><li class=\"wc-block-grid__product\">\n\t\t<a href=\"https:\/\/incp.org.co\/tienda-online\/product\/membresia-juridico\/\" class=\"wc-block-grid__product-link\">\n\t\t\t<div class=\"wc-block-grid__product-image\"><img loading=\"lazy\" decoding=\"async\" width=\"445\" height=\"445\" src=\"https:\/\/incp.org.co\/tienda-online\/wp-content\/uploads\/2020\/09\/socio-corporativo-445.jpg\" class=\"attachment-woocommerce_thumbnail size-woocommerce_thumbnail\" alt=\"Membres\u00eda Corporativo\" \/><\/div>\t\t\n\t\t\t<div class=\"wc-block-grid__product-title\">Membres\u00eda Corporativo<\/div>\n\t\t<\/a>\n\t\t\n\t\t<div class=\"wc-block-grid__product-price price\"><\/div>\n\t\t\n\t\t<div class=\"wp-block-button wc-block-grid__product-add-to-cart\"><a href=\"https:\/\/incp.org.co\/tienda-online\/product\/membresia-juridico\/\" aria-label=\"Lee m\u00e1s sobre &ldquo;Membres\u00eda Corporativo&rdquo;\" data-quantity=\"1\" data-product_id=\"497\" data-product_sku=\"\" data-price=\"0\" rel=\"nofollow\" class=\"wp-block-button__link  add_to_cart_button\">Leer m\u00e1s<\/a><\/div>\n\t<\/li><li class=\"wc-block-grid__product\">\n\t\t<a href=\"https:\/\/incp.org.co\/tienda-online\/product\/membresia-premium\/\" class=\"wc-block-grid__product-link\">\n\t\t\t<div class=\"wc-block-grid__product-image\"><img loading=\"lazy\" decoding=\"async\" width=\"445\" height=\"445\" src=\"https:\/\/incp.org.co\/tienda-online\/wp-content\/uploads\/2020\/11\/socio-premium-445A.jpg\" class=\"attachment-woocommerce_thumbnail size-woocommerce_thumbnail\" alt=\"Membres\u00eda Premium\" \/><\/div>\t\t\n\t\t\t<div class=\"wc-block-grid__product-title\">Membres\u00eda Premium<\/div>\n\t\t<\/a>\n\t\t\n\t\t<div class=\"wc-block-grid__product-price price\"><\/div>\n\t\t\n\t\t<div class=\"wp-block-button wc-block-grid__product-add-to-cart\"><a href=\"https:\/\/incp.org.co\/tienda-online\/product\/membresia-premium\/\" aria-label=\"Lee m\u00e1s sobre &ldquo;Membres\u00eda Premium&rdquo;\" data-quantity=\"1\" data-product_id=\"1023\" data-product_sku=\"\" data-price=\"0\" rel=\"nofollow\" class=\"wp-block-button__link  add_to_cart_button\">Leer m\u00e1s<\/a><\/div>\n\t<\/li><\/ul><\/div>\n\n\n<p class=\"has-text-color\" style=\"font-size:25px;color:#00aeef\"><strong>Promociones<\/strong><\/p>\n\n\n","protected":false},"excerpt":{"rendered":"<p>Para ti Para tu empresa Promociones<\/p>\n","protected":false},"author":35417,"featured_media":0,"parent":0,"menu_order":0,"comment_status":"closed","ping_status":"closed","template":"","meta":{"footnotes":""},"class_list":["post-47","page","type-page","status-publish","hentry"],"yoast_head":"<!-- This site is optimized with the Yoast SEO plugin v27.5 - https:\/\/yoast.com\/product\/yoast-seo-wordpress\/ -->\n<title>Membres\u00edas - Tienda Online<\/title>\n<meta name=\"robots\" content=\"index, follow, max-snippet:-1, max-image-preview:large, max-video-preview:-1\" \/>\n<link rel=\"canonical\" href=\"https:\/\/incp.org.co\/tienda-online\/membresias\/\" \/>\n<meta property=\"og:locale\" content=\"es_ES\" \/>\n<meta property=\"og:type\" content=\"article\" \/>\n<meta property=\"og:title\" content=\"Membres\u00edas - Tienda Online\" \/>\n<meta property=\"og:description\" content=\"Para ti Para tu empresa Promociones\" \/>\n<meta property=\"og:url\" content=\"https:\/\/incp.org.co\/tienda-online\/membresias\/\" \/>\n<meta property=\"og:site_name\" content=\"Tienda Online\" \/>\n<meta property=\"article:modified_time\" content=\"2020-12-15T17:15:32+00:00\" \/>\n<meta name=\"twitter:card\" content=\"summary_large_image\" \/>\n<script type=\"application\/ld+json\" class=\"yoast-schema-graph\">{\"@context\":\"https:\\\/\\\/schema.org\",\"@graph\":[{\"@type\":\"WebPage\",\"@id\":\"https:\\\/\\\/incp.org.co\\\/tienda-online\\\/membresias\\\/\",\"url\":\"https:\\\/\\\/incp.org.co\\\/tienda-online\\\/membresias\\\/\",\"name\":\"Membres\u00edas - Tienda Online\",\"isPartOf\":{\"@id\":\"https:\\\/\\\/incp.org.co\\\/tienda-online\\\/#website\"},\"datePublished\":\"2020-07-29T15:09:28+00:00\",\"dateModified\":\"2020-12-15T17:15:32+00:00\",\"breadcrumb\":{\"@id\":\"https:\\\/\\\/incp.org.co\\\/tienda-online\\\/membresias\\\/#breadcrumb\"},\"inLanguage\":\"es\",\"potentialAction\":[{\"@type\":\"ReadAction\",\"target\":[\"https:\\\/\\\/incp.org.co\\\/tienda-online\\\/membresias\\\/\"]}]},{\"@type\":\"BreadcrumbList\",\"@id\":\"https:\\\/\\\/incp.org.co\\\/tienda-online\\\/membresias\\\/#breadcrumb\",\"itemListElement\":[{\"@type\":\"ListItem\",\"position\":1,\"name\":\"Portada\",\"item\":\"https:\\\/\\\/incp.org.co\\\/tienda-online\\\/\"},{\"@type\":\"ListItem\",\"position\":2,\"name\":\"Membres\u00edas\"}]},{\"@type\":\"WebSite\",\"@id\":\"https:\\\/\\\/incp.org.co\\\/tienda-online\\\/#website\",\"url\":\"https:\\\/\\\/incp.org.co\\\/tienda-online\\\/\",\"name\":\"Tienda Online\",\"description\":\"\",\"publisher\":{\"@id\":\"https:\\\/\\\/incp.org.co\\\/tienda-online\\\/#organization\"},\"potentialAction\":[{\"@type\":\"SearchAction\",\"target\":{\"@type\":\"EntryPoint\",\"urlTemplate\":\"https:\\\/\\\/incp.org.co\\\/tienda-online\\\/?s={search_term_string}\"},\"query-input\":{\"@type\":\"PropertyValueSpecification\",\"valueRequired\":true,\"valueName\":\"search_term_string\"}}],\"inLanguage\":\"es\"},{\"@type\":\"Organization\",\"@id\":\"https:\\\/\\\/incp.org.co\\\/tienda-online\\\/#organization\",\"name\":\"Tienda INCP\",\"url\":\"https:\\\/\\\/incp.org.co\\\/tienda-online\\\/\",\"logo\":{\"@type\":\"ImageObject\",\"inLanguage\":\"es\",\"@id\":\"https:\\\/\\\/incp.org.co\\\/tienda-online\\\/#\\\/schema\\\/logo\\\/image\\\/\",\"url\":\"https:\\\/\\\/incp.org.co\\\/tienda-online\\\/wp-content\\\/uploads\\\/2020\\\/08\\\/Sin-t\u00edtulo-1-02-e1597256515126.png\",\"contentUrl\":\"https:\\\/\\\/incp.org.co\\\/tienda-online\\\/wp-content\\\/uploads\\\/2020\\\/08\\\/Sin-t\u00edtulo-1-02-e1597256515126.png\",\"width\":220,\"height\":170,\"caption\":\"Tienda INCP\"},\"image\":{\"@id\":\"https:\\\/\\\/incp.org.co\\\/tienda-online\\\/#\\\/schema\\\/logo\\\/image\\\/\"}}]}<\/script>\n<!-- \/ Yoast SEO plugin. -->","yoast_head_json":{"title":"Membres\u00edas - Tienda Online","robots":{"index":"index","follow":"follow","max-snippet":"max-snippet:-1","max-image-preview":"max-image-preview:large","max-video-preview":"max-video-preview:-1"},"canonical":"https:\/\/incp.org.co\/tienda-online\/membresias\/","og_locale":"es_ES","og_type":"article","og_title":"Membres\u00edas - Tienda Online","og_description":"Para ti Para tu empresa Promociones","og_url":"https:\/\/incp.org.co\/tienda-online\/membresias\/","og_site_name":"Tienda Online","article_modified_time":"2020-12-15T17:15:32+00:00","twitter_card":"summary_large_image","schema":{"@context":"https:\/\/schema.org","@graph":[{"@type":"WebPage","@id":"https:\/\/incp.org.co\/tienda-online\/membresias\/","url":"https:\/\/incp.org.co\/tienda-online\/membresias\/","name":"Membres\u00edas - Tienda Online","isPartOf":{"@id":"https:\/\/incp.org.co\/tienda-online\/#website"},"datePublished":"2020-07-29T15:09:28+00:00","dateModified":"2020-12-15T17:15:32+00:00","breadcrumb":{"@id":"https:\/\/incp.org.co\/tienda-online\/membresias\/#breadcrumb"},"inLanguage":"es","potentialAction":[{"@type":"ReadAction","target":["https:\/\/incp.org.co\/tienda-online\/membresias\/"]}]},{"@type":"BreadcrumbList","@id":"https:\/\/incp.org.co\/tienda-online\/membresias\/#breadcrumb","itemListElement":[{"@type":"ListItem","position":1,"name":"Portada","item":"https:\/\/incp.org.co\/tienda-online\/"},{"@type":"ListItem","position":2,"name":"Membres\u00edas"}]},{"@type":"WebSite","@id":"https:\/\/incp.org.co\/tienda-online\/#website","url":"https:\/\/incp.org.co\/tienda-online\/","name":"Tienda Online","description":"","publisher":{"@id":"https:\/\/incp.org.co\/tienda-online\/#organization"},"potentialAction":[{"@type":"SearchAction","target":{"@type":"EntryPoint","urlTemplate":"https:\/\/incp.org.co\/tienda-online\/?s={search_term_string}"},"query-input":{"@type":"PropertyValueSpecification","valueRequired":true,"valueName":"search_term_string"}}],"inLanguage":"es"},{"@type":"Organization","@id":"https:\/\/incp.org.co\/tienda-online\/#organization","name":"Tienda INCP","url":"https:\/\/incp.org.co\/tienda-online\/","logo":{"@type":"ImageObject","inLanguage":"es","@id":"https:\/\/incp.org.co\/tienda-online\/#\/schema\/logo\/image\/","url":"https:\/\/incp.org.co\/tienda-online\/wp-content\/uploads\/2020\/08\/Sin-t\u00edtulo-1-02-e1597256515126.png","contentUrl":"https:\/\/incp.org.co\/tienda-online\/wp-content\/uploads\/2020\/08\/Sin-t\u00edtulo-1-02-e1597256515126.png","width":220,"height":170,"caption":"Tienda INCP"},"image":{"@id":"https:\/\/incp.org.co\/tienda-online\/#\/schema\/logo\/image\/"}}]}},"_links":{"self":[{"href":"https:\/\/incp.org.co\/tienda-online\/wp-json\/wp\/v2\/pages\/47","targetHints":{"allow":["GET"]}}],"collection":[{"href":"https:\/\/incp.org.co\/tienda-online\/wp-json\/wp\/v2\/pages"}],"about":[{"href":"https:\/\/incp.org.co\/tienda-online\/wp-json\/wp\/v2\/types\/page"}],"author":[{"embeddable":true,"href":"https:\/\/incp.org.co\/tienda-online\/wp-json\/wp\/v2\/users\/35417"}],"replies":[{"embeddable":true,"href":"https:\/\/incp.org.co\/tienda-online\/wp-json\/wp\/v2\/comments?post=47"}],"version-history":[{"count":8,"href":"https:\/\/incp.org.co\/tienda-online\/wp-json\/wp\/v2\/pages\/47\/revisions"}],"predecessor-version":[{"id":1035,"href":"https:\/\/incp.org.co\/tienda-online\/wp-json\/wp\/v2\/pages\/47\/revisions\/1035"}],"wp:attachment":[{"href":"https:\/\/incp.org.co\/tienda-online\/wp-json\/wp\/v2\/media?parent=47"}],"curies":[{"name":"wp","href":"https:\/\/api.w.org\/{rel}","templated":true}]}}