{"id":31961,"date":"2024-02-05T08:10:24","date_gmt":"2024-02-05T13:10:24","guid":{"rendered":"https:\/\/incp.org.co\/tienda-online\/?post_type=product&#038;p=31961"},"modified":"2024-02-05T08:34:58","modified_gmt":"2024-02-05T13:34:58","slug":"libro-derecho-tributario-cotidiano-2023","status":"publish","type":"product","link":"https:\/\/incp.org.co\/tienda-online\/product\/libro-derecho-tributario-cotidiano-2023\/","title":{"rendered":"LIBRO DERECHO TRIBUTARIO COTIDIANO 2023"},"content":{"rendered":"<h3 style=\"text-align: center;\"><strong>LIBRO DERECHO TRIBUTARIO COTIDIANO 2023<\/strong><\/h3>\n<p>Env\u00edo contra entrega &#8211;\u00a0 El env\u00edo se cancela al momento de recibir el producto.<\/p>\n<p>&nbsp;<\/p>\n<hr \/>\n<p><span style=\"color: #f8971d;\"><strong>Para cancelaciones, devoluciones y\/o anulaciones favor tener en cuenta:<\/strong><\/span><\/p>\n<ul>\n<li><strong>Si usted cancela la compra antes de 15 d\u00edas, no hay cargo alguno.<\/strong><\/li>\n<li><strong>Si usted cancela la compra 5 d\u00edas antes del evento, se le cobrar\u00e1 un 30% de gastos administrativos<\/strong><\/li>\n<li><strong>Si usted cancela la compra 3 d\u00edas antes del evento, se le cobrar\u00e1 el 100% del total de la factura.<\/strong><\/li>\n<\/ul>\n","protected":false},"excerpt":{"rendered":"<h4 style=\"text-align: center;\"><strong>Para m\u00e1s informaci\u00f3n comun\u00edcate con Linda Rodr\u00edguez al celular 3103513149<\/strong><\/h4>\n","protected":false},"featured_media":31957,"comment_status":"closed","ping_status":"closed","template":"","meta":[],"product_brand":[],"product_cat":[61],"product_tag":[71],"class_list":{"0":"post-31961","1":"product","2":"type-product","3":"status-publish","4":"has-post-thumbnail","6":"product_cat-publicaciones","7":"product_tag-derecho-tributario-concreto","9":"first","10":"instock","11":"purchasable","12":"product-type-simple"},"yoast_head":"<!-- This site is optimized with the Yoast SEO plugin v27.4 - https:\/\/yoast.com\/product\/yoast-seo-wordpress\/ -->\n<title>LIBRO DERECHO TRIBUTARIO COTIDIANO 2023 - Tienda Online<\/title>\n<meta name=\"robots\" content=\"index, follow, max-snippet:-1, max-image-preview:large, max-video-preview:-1\" \/>\n<link rel=\"canonical\" href=\"https:\/\/incp.org.co\/tienda-online\/product\/libro-derecho-tributario-cotidiano-2023\/\" \/>\n<meta property=\"og:locale\" content=\"es_ES\" \/>\n<meta property=\"og:type\" content=\"article\" \/>\n<meta property=\"og:title\" content=\"LIBRO DERECHO TRIBUTARIO COTIDIANO 2023 - Tienda Online\" \/>\n<meta property=\"og:description\" content=\"Para m\u00e1s informaci\u00f3n comun\u00edcate con Linda Rodr\u00edguez al celular 3103513149\" \/>\n<meta property=\"og:url\" content=\"https:\/\/incp.org.co\/tienda-online\/product\/libro-derecho-tributario-cotidiano-2023\/\" \/>\n<meta property=\"og:site_name\" content=\"Tienda Online\" \/>\n<meta property=\"article:modified_time\" content=\"2024-02-05T13:34:58+00:00\" \/>\n<meta property=\"og:image\" content=\"https:\/\/incp.org.co\/tienda-online\/wp-content\/uploads\/2024\/02\/derecho_tributario_cotidiano.png\" \/>\n\t<meta property=\"og:image:width\" content=\"800\" \/>\n\t<meta property=\"og:image:height\" content=\"445\" \/>\n\t<meta property=\"og:image:type\" content=\"image\/png\" \/>\n<meta name=\"twitter:card\" content=\"summary_large_image\" \/>\n<meta name=\"twitter:label1\" content=\"Tiempo de lectura\" \/>\n\t<meta name=\"twitter:data1\" content=\"1 minuto\" \/>\n<script type=\"application\/ld+json\" class=\"yoast-schema-graph\">{\"@context\":\"https:\\\/\\\/schema.org\",\"@graph\":[{\"@type\":\"WebPage\",\"@id\":\"https:\\\/\\\/incp.org.co\\\/tienda-online\\\/product\\\/libro-derecho-tributario-cotidiano-2023\\\/\",\"url\":\"https:\\\/\\\/incp.org.co\\\/tienda-online\\\/product\\\/libro-derecho-tributario-cotidiano-2023\\\/\",\"name\":\"LIBRO DERECHO TRIBUTARIO COTIDIANO 2023 - Tienda Online\",\"isPartOf\":{\"@id\":\"https:\\\/\\\/incp.org.co\\\/tienda-online\\\/#website\"},\"primaryImageOfPage\":{\"@id\":\"https:\\\/\\\/incp.org.co\\\/tienda-online\\\/product\\\/libro-derecho-tributario-cotidiano-2023\\\/#primaryimage\"},\"image\":{\"@id\":\"https:\\\/\\\/incp.org.co\\\/tienda-online\\\/product\\\/libro-derecho-tributario-cotidiano-2023\\\/#primaryimage\"},\"thumbnailUrl\":\"https:\\\/\\\/incp.org.co\\\/tienda-online\\\/wp-content\\\/uploads\\\/2024\\\/02\\\/derecho_tributario_cotidiano.png\",\"datePublished\":\"2024-02-05T13:10:24+00:00\",\"dateModified\":\"2024-02-05T13:34:58+00:00\",\"breadcrumb\":{\"@id\":\"https:\\\/\\\/incp.org.co\\\/tienda-online\\\/product\\\/libro-derecho-tributario-cotidiano-2023\\\/#breadcrumb\"},\"inLanguage\":\"es\",\"potentialAction\":[{\"@type\":\"ReadAction\",\"target\":[\"https:\\\/\\\/incp.org.co\\\/tienda-online\\\/product\\\/libro-derecho-tributario-cotidiano-2023\\\/\"]}]},{\"@type\":\"ImageObject\",\"inLanguage\":\"es\",\"@id\":\"https:\\\/\\\/incp.org.co\\\/tienda-online\\\/product\\\/libro-derecho-tributario-cotidiano-2023\\\/#primaryimage\",\"url\":\"https:\\\/\\\/incp.org.co\\\/tienda-online\\\/wp-content\\\/uploads\\\/2024\\\/02\\\/derecho_tributario_cotidiano.png\",\"contentUrl\":\"https:\\\/\\\/incp.org.co\\\/tienda-online\\\/wp-content\\\/uploads\\\/2024\\\/02\\\/derecho_tributario_cotidiano.png\",\"width\":800,\"height\":445},{\"@type\":\"BreadcrumbList\",\"@id\":\"https:\\\/\\\/incp.org.co\\\/tienda-online\\\/product\\\/libro-derecho-tributario-cotidiano-2023\\\/#breadcrumb\",\"itemListElement\":[{\"@type\":\"ListItem\",\"position\":1,\"name\":\"Portada\",\"item\":\"https:\\\/\\\/incp.org.co\\\/tienda-online\\\/\"},{\"@type\":\"ListItem\",\"position\":2,\"name\":\"shop\",\"item\":\"https:\\\/\\\/incp.org.co\\\/tienda-online\\\/shop-2-2\\\/\"},{\"@type\":\"ListItem\",\"position\":3,\"name\":\"LIBRO DERECHO TRIBUTARIO COTIDIANO 2023\"}]},{\"@type\":\"WebSite\",\"@id\":\"https:\\\/\\\/incp.org.co\\\/tienda-online\\\/#website\",\"url\":\"https:\\\/\\\/incp.org.co\\\/tienda-online\\\/\",\"name\":\"Tienda Online\",\"description\":\"\",\"publisher\":{\"@id\":\"https:\\\/\\\/incp.org.co\\\/tienda-online\\\/#organization\"},\"potentialAction\":[{\"@type\":\"SearchAction\",\"target\":{\"@type\":\"EntryPoint\",\"urlTemplate\":\"https:\\\/\\\/incp.org.co\\\/tienda-online\\\/?s={search_term_string}\"},\"query-input\":{\"@type\":\"PropertyValueSpecification\",\"valueRequired\":true,\"valueName\":\"search_term_string\"}}],\"inLanguage\":\"es\"},{\"@type\":\"Organization\",\"@id\":\"https:\\\/\\\/incp.org.co\\\/tienda-online\\\/#organization\",\"name\":\"Tienda INCP\",\"url\":\"https:\\\/\\\/incp.org.co\\\/tienda-online\\\/\",\"logo\":{\"@type\":\"ImageObject\",\"inLanguage\":\"es\",\"@id\":\"https:\\\/\\\/incp.org.co\\\/tienda-online\\\/#\\\/schema\\\/logo\\\/image\\\/\",\"url\":\"https:\\\/\\\/incp.org.co\\\/tienda-online\\\/wp-content\\\/uploads\\\/2020\\\/08\\\/Sin-t\u00edtulo-1-02-e1597256515126.png\",\"contentUrl\":\"https:\\\/\\\/incp.org.co\\\/tienda-online\\\/wp-content\\\/uploads\\\/2020\\\/08\\\/Sin-t\u00edtulo-1-02-e1597256515126.png\",\"width\":220,\"height\":170,\"caption\":\"Tienda INCP\"},\"image\":{\"@id\":\"https:\\\/\\\/incp.org.co\\\/tienda-online\\\/#\\\/schema\\\/logo\\\/image\\\/\"}}]}<\/script>\n<!-- \/ Yoast SEO plugin. -->","yoast_head_json":{"title":"LIBRO DERECHO TRIBUTARIO COTIDIANO 2023 - Tienda Online","robots":{"index":"index","follow":"follow","max-snippet":"max-snippet:-1","max-image-preview":"max-image-preview:large","max-video-preview":"max-video-preview:-1"},"canonical":"https:\/\/incp.org.co\/tienda-online\/product\/libro-derecho-tributario-cotidiano-2023\/","og_locale":"es_ES","og_type":"article","og_title":"LIBRO DERECHO TRIBUTARIO COTIDIANO 2023 - Tienda Online","og_description":"Para m\u00e1s informaci\u00f3n comun\u00edcate con Linda Rodr\u00edguez al celular 3103513149","og_url":"https:\/\/incp.org.co\/tienda-online\/product\/libro-derecho-tributario-cotidiano-2023\/","og_site_name":"Tienda Online","article_modified_time":"2024-02-05T13:34:58+00:00","og_image":[{"width":800,"height":445,"url":"https:\/\/incp.org.co\/tienda-online\/wp-content\/uploads\/2024\/02\/derecho_tributario_cotidiano.png","type":"image\/png"}],"twitter_card":"summary_large_image","twitter_misc":{"Tiempo de lectura":"1 minuto"},"schema":{"@context":"https:\/\/schema.org","@graph":[{"@type":"WebPage","@id":"https:\/\/incp.org.co\/tienda-online\/product\/libro-derecho-tributario-cotidiano-2023\/","url":"https:\/\/incp.org.co\/tienda-online\/product\/libro-derecho-tributario-cotidiano-2023\/","name":"LIBRO DERECHO TRIBUTARIO COTIDIANO 2023 - Tienda Online","isPartOf":{"@id":"https:\/\/incp.org.co\/tienda-online\/#website"},"primaryImageOfPage":{"@id":"https:\/\/incp.org.co\/tienda-online\/product\/libro-derecho-tributario-cotidiano-2023\/#primaryimage"},"image":{"@id":"https:\/\/incp.org.co\/tienda-online\/product\/libro-derecho-tributario-cotidiano-2023\/#primaryimage"},"thumbnailUrl":"https:\/\/incp.org.co\/tienda-online\/wp-content\/uploads\/2024\/02\/derecho_tributario_cotidiano.png","datePublished":"2024-02-05T13:10:24+00:00","dateModified":"2024-02-05T13:34:58+00:00","breadcrumb":{"@id":"https:\/\/incp.org.co\/tienda-online\/product\/libro-derecho-tributario-cotidiano-2023\/#breadcrumb"},"inLanguage":"es","potentialAction":[{"@type":"ReadAction","target":["https:\/\/incp.org.co\/tienda-online\/product\/libro-derecho-tributario-cotidiano-2023\/"]}]},{"@type":"ImageObject","inLanguage":"es","@id":"https:\/\/incp.org.co\/tienda-online\/product\/libro-derecho-tributario-cotidiano-2023\/#primaryimage","url":"https:\/\/incp.org.co\/tienda-online\/wp-content\/uploads\/2024\/02\/derecho_tributario_cotidiano.png","contentUrl":"https:\/\/incp.org.co\/tienda-online\/wp-content\/uploads\/2024\/02\/derecho_tributario_cotidiano.png","width":800,"height":445},{"@type":"BreadcrumbList","@id":"https:\/\/incp.org.co\/tienda-online\/product\/libro-derecho-tributario-cotidiano-2023\/#breadcrumb","itemListElement":[{"@type":"ListItem","position":1,"name":"Portada","item":"https:\/\/incp.org.co\/tienda-online\/"},{"@type":"ListItem","position":2,"name":"shop","item":"https:\/\/incp.org.co\/tienda-online\/shop-2-2\/"},{"@type":"ListItem","position":3,"name":"LIBRO DERECHO TRIBUTARIO COTIDIANO 2023"}]},{"@type":"WebSite","@id":"https:\/\/incp.org.co\/tienda-online\/#website","url":"https:\/\/incp.org.co\/tienda-online\/","name":"Tienda Online","description":"","publisher":{"@id":"https:\/\/incp.org.co\/tienda-online\/#organization"},"potentialAction":[{"@type":"SearchAction","target":{"@type":"EntryPoint","urlTemplate":"https:\/\/incp.org.co\/tienda-online\/?s={search_term_string}"},"query-input":{"@type":"PropertyValueSpecification","valueRequired":true,"valueName":"search_term_string"}}],"inLanguage":"es"},{"@type":"Organization","@id":"https:\/\/incp.org.co\/tienda-online\/#organization","name":"Tienda INCP","url":"https:\/\/incp.org.co\/tienda-online\/","logo":{"@type":"ImageObject","inLanguage":"es","@id":"https:\/\/incp.org.co\/tienda-online\/#\/schema\/logo\/image\/","url":"https:\/\/incp.org.co\/tienda-online\/wp-content\/uploads\/2020\/08\/Sin-t\u00edtulo-1-02-e1597256515126.png","contentUrl":"https:\/\/incp.org.co\/tienda-online\/wp-content\/uploads\/2020\/08\/Sin-t\u00edtulo-1-02-e1597256515126.png","width":220,"height":170,"caption":"Tienda INCP"},"image":{"@id":"https:\/\/incp.org.co\/tienda-online\/#\/schema\/logo\/image\/"}}]}},"_links":{"self":[{"href":"https:\/\/incp.org.co\/tienda-online\/wp-json\/wp\/v2\/product\/31961","targetHints":{"allow":["GET"]}}],"collection":[{"href":"https:\/\/incp.org.co\/tienda-online\/wp-json\/wp\/v2\/product"}],"about":[{"href":"https:\/\/incp.org.co\/tienda-online\/wp-json\/wp\/v2\/types\/product"}],"replies":[{"embeddable":true,"href":"https:\/\/incp.org.co\/tienda-online\/wp-json\/wp\/v2\/comments?post=31961"}],"wp:featuredmedia":[{"embeddable":true,"href":"https:\/\/incp.org.co\/tienda-online\/wp-json\/wp\/v2\/media\/31957"}],"wp:attachment":[{"href":"https:\/\/incp.org.co\/tienda-online\/wp-json\/wp\/v2\/media?parent=31961"}],"wp:term":[{"taxonomy":"product_brand","embeddable":true,"href":"https:\/\/incp.org.co\/tienda-online\/wp-json\/wp\/v2\/product_brand?post=31961"},{"taxonomy":"product_cat","embeddable":true,"href":"https:\/\/incp.org.co\/tienda-online\/wp-json\/wp\/v2\/product_cat?post=31961"},{"taxonomy":"product_tag","embeddable":true,"href":"https:\/\/incp.org.co\/tienda-online\/wp-json\/wp\/v2\/product_tag?post=31961"}],"curies":[{"name":"wp","href":"https:\/\/api.w.org\/{rel}","templated":true}]}}