{"id":32145,"date":"2024-04-30T15:34:59","date_gmt":"2024-04-30T20:34:59","guid":{"rendered":"https:\/\/incp.org.co\/tienda-online\/?post_type=product&#038;p=32145"},"modified":"2026-02-11T08:17:53","modified_gmt":"2026-02-11T13:17:53","slug":"examenes-experto-antifraude-y-oficial-de-cumplimiento","status":"publish","type":"product","link":"https:\/\/incp.org.co\/tienda-online\/product\/examenes-experto-antifraude-y-oficial-de-cumplimiento\/","title":{"rendered":"Ex\u00e1menes | Experto antifraude y Oficial de cumplimiento"},"content":{"rendered":"<hr \/>\n<p><span style=\"color: #ff9900;\"><strong>Informaci\u00f3n importante<\/strong><\/span><\/p>\n<ul>\n<li><strong>El examen de certificaci\u00f3n se realizar\u00e1 en espa\u00f1ol y podr\u00e1 realizarse online, en los d\u00edas fijados para ello en cada mes, o de forma presencial en las convocatorias oportunas que se realicen en los distintos pa\u00edses.<\/strong><\/li>\n<li><strong>El examen constar\u00e1 de 100 preguntas sobre las materias recogidas en el programa. El alumno dispondr\u00e1 de un m\u00e1ximo de 2 horas para realizar el examen.<\/strong><\/li>\n<li><strong>Cada pregunta presentar\u00e1 cuatro opciones de respuesta. S\u00f3lo una respuesta ser\u00e1 completamente correcta. Las respuestas err\u00f3neas no puntuaran negativamente.<\/strong><\/li>\n<li><strong>Para obtener la certificaci\u00f3n ser\u00e1 necesario obtener al menos un 70 % de respuestas correctas.<\/strong><\/li>\n<\/ul>\n<hr \/>\n<p><span style=\"color: #ff9900;\"><strong>Cont\u00e1ctanos<\/strong><\/span><\/p>\n<p><strong>Para m\u00e1s informaci\u00f3n comun\u00edcate con Yeimi Castro <\/strong><strong>al celular <a href=\"https:\/\/wa.link\/7e1oj2\">3204341991<\/a> o al correo electr\u00f3nico <a href=\"mailto:yeimi.castro@incp.org.co\">yeimi.castro@incp.org.co<\/a><\/strong><\/p>\n<hr \/>\n<p><span style=\"color: #ff9900;\"><strong>Para cancelaciones, devoluciones y\/o anulaciones favor tener en cuenta:<\/strong><\/span><\/p>\n<ul>\n<li><strong>Si usted cancela su inscripci\u00f3n antes de 15 d\u00edas, no hay cargo alguno.<\/strong><\/li>\n<li><strong>Si usted cancela su inscripci\u00f3n 5 d\u00edas antes del evento, se le cobrar\u00e1 un 30% de gastos administrativos.<\/strong><\/li>\n<li><strong>Si usted cancela su inscripci\u00f3n 3 d\u00edas antes del evento, se le cobrar\u00e1 el 100% del total de la factura.<\/strong><\/li>\n<\/ul>\n<hr \/>\n<p>&nbsp;<\/p>\n","protected":false},"excerpt":{"rendered":"<h6><img loading=\"lazy\" decoding=\"async\" class=\"size-full wp-image-32197 alignleft\" src=\"https:\/\/incp.org.co\/tienda-online\/wp-content\/uploads\/2024\/06\/Fecha-Tienda-Online-50x50-1.png\" alt=\"\" width=\"50\" height=\"56\" \/><\/h6>\n<h6><strong><br \/>\nHasta agotar existencias<\/strong><\/h6>\n<p>&nbsp;<\/p>\n<h6><img loading=\"lazy\" decoding=\"async\" class=\"size-full wp-image-32196 alignleft\" src=\"https:\/\/incp.org.co\/tienda-online\/wp-content\/uploads\/2024\/06\/Ubicacion-Tienda-Online-50x50-1.png\" alt=\"\" width=\"50\" height=\"49\" \/><br \/>\n<strong>Evento virtual<\/strong><\/h6>\n<p>&nbsp;<\/p>\n<h6><img loading=\"lazy\" decoding=\"async\" class=\"size-full wp-image-32195 alignleft\" src=\"https:\/\/incp.org.co\/tienda-online\/wp-content\/uploads\/2024\/06\/Inversion-Tienda-Online-50x50-1.png\" alt=\"\" width=\"50\" height=\"50\" \/><\/h6>\n<h6><strong>Socio: $1.130.000 (incluye examen + IVA)<br \/>\n<\/strong><strong>No Socio: $1.240.000 <\/strong><strong>(incluye examen + IVA)<\/strong><\/h6>\n<p>&nbsp;<\/p>\n<p><strong>Si eres socio INCP inicia sesi\u00f3n para acceder a las tarifas especiales<\/strong><\/p>\n[wp_login_form label_username=\"Usuario\" label_password=\"Contrase\u00f1a\" label_log_in=\"Ingresar\" remember=\"0\" label_text=\"Prueba\"]\n","protected":false},"featured_media":32771,"comment_status":"closed","ping_status":"closed","template":"","meta":[],"product_brand":[],"product_cat":[60,44,38,56],"product_tag":[],"class_list":{"0":"post-32145","1":"product","2":"type-product","3":"status-publish","4":"has-post-thumbnail","6":"product_cat-academicas","7":"product_cat-academicos","8":"product_cat-eventos","9":"product_cat-promociones","11":"first","12":"instock","13":"purchasable","14":"product-type-simple"},"yoast_head":"<!-- This site is optimized with the Yoast SEO plugin v27.3 - https:\/\/yoast.com\/product\/yoast-seo-wordpress\/ -->\n<title>Ex\u00e1menes | Experto antifraude y Oficial de cumplimiento - Tienda Online<\/title>\n<meta name=\"robots\" content=\"index, follow, max-snippet:-1, max-image-preview:large, max-video-preview:-1\" \/>\n<link rel=\"canonical\" href=\"https:\/\/incp.org.co\/tienda-online\/product\/examenes-experto-antifraude-y-oficial-de-cumplimiento\/\" \/>\n<meta property=\"og:locale\" content=\"es_ES\" \/>\n<meta property=\"og:type\" content=\"article\" \/>\n<meta property=\"og:title\" content=\"Ex\u00e1menes | Experto antifraude y Oficial de cumplimiento - Tienda Online\" \/>\n<meta property=\"og:description\" content=\"Hasta agotar existencias &nbsp;  Evento virtual &nbsp;  Socio: $1.130.000 (incluye examen + IVA) No Socio: $1.240.000 (incluye examen + IVA) &nbsp;  Si eres socio INCP inicia sesi\u00f3n para acceder a las tarifas especiales\" \/>\n<meta property=\"og:url\" content=\"https:\/\/incp.org.co\/tienda-online\/product\/examenes-experto-antifraude-y-oficial-de-cumplimiento\/\" \/>\n<meta property=\"og:site_name\" content=\"Tienda Online\" \/>\n<meta property=\"article:modified_time\" content=\"2026-02-11T13:17:53+00:00\" \/>\n<meta property=\"og:image\" content=\"https:\/\/incp.org.co\/tienda-online\/wp-content\/uploads\/2024\/04\/Mesa-de-trabajo-1-copia-4@2x-100.jpg\" \/>\n\t<meta property=\"og:image:width\" content=\"1603\" \/>\n\t<meta property=\"og:image:height\" content=\"891\" \/>\n\t<meta property=\"og:image:type\" content=\"image\/jpeg\" \/>\n<meta name=\"twitter:card\" content=\"summary_large_image\" \/>\n<meta name=\"twitter:label1\" content=\"Tiempo de lectura\" \/>\n\t<meta name=\"twitter:data1\" content=\"1 minuto\" \/>\n<script type=\"application\/ld+json\" class=\"yoast-schema-graph\">{\"@context\":\"https:\\\/\\\/schema.org\",\"@graph\":[{\"@type\":\"WebPage\",\"@id\":\"https:\\\/\\\/incp.org.co\\\/tienda-online\\\/product\\\/examenes-experto-antifraude-y-oficial-de-cumplimiento\\\/\",\"url\":\"https:\\\/\\\/incp.org.co\\\/tienda-online\\\/product\\\/examenes-experto-antifraude-y-oficial-de-cumplimiento\\\/\",\"name\":\"Ex\u00e1menes | Experto antifraude y Oficial de cumplimiento - Tienda Online\",\"isPartOf\":{\"@id\":\"https:\\\/\\\/incp.org.co\\\/tienda-online\\\/#website\"},\"primaryImageOfPage\":{\"@id\":\"https:\\\/\\\/incp.org.co\\\/tienda-online\\\/product\\\/examenes-experto-antifraude-y-oficial-de-cumplimiento\\\/#primaryimage\"},\"image\":{\"@id\":\"https:\\\/\\\/incp.org.co\\\/tienda-online\\\/product\\\/examenes-experto-antifraude-y-oficial-de-cumplimiento\\\/#primaryimage\"},\"thumbnailUrl\":\"https:\\\/\\\/incp.org.co\\\/tienda-online\\\/wp-content\\\/uploads\\\/2024\\\/04\\\/Mesa-de-trabajo-1-copia-4@2x-100.jpg\",\"datePublished\":\"2024-04-30T20:34:59+00:00\",\"dateModified\":\"2026-02-11T13:17:53+00:00\",\"breadcrumb\":{\"@id\":\"https:\\\/\\\/incp.org.co\\\/tienda-online\\\/product\\\/examenes-experto-antifraude-y-oficial-de-cumplimiento\\\/#breadcrumb\"},\"inLanguage\":\"es\",\"potentialAction\":[{\"@type\":\"ReadAction\",\"target\":[\"https:\\\/\\\/incp.org.co\\\/tienda-online\\\/product\\\/examenes-experto-antifraude-y-oficial-de-cumplimiento\\\/\"]}]},{\"@type\":\"ImageObject\",\"inLanguage\":\"es\",\"@id\":\"https:\\\/\\\/incp.org.co\\\/tienda-online\\\/product\\\/examenes-experto-antifraude-y-oficial-de-cumplimiento\\\/#primaryimage\",\"url\":\"https:\\\/\\\/incp.org.co\\\/tienda-online\\\/wp-content\\\/uploads\\\/2024\\\/04\\\/Mesa-de-trabajo-1-copia-4@2x-100.jpg\",\"contentUrl\":\"https:\\\/\\\/incp.org.co\\\/tienda-online\\\/wp-content\\\/uploads\\\/2024\\\/04\\\/Mesa-de-trabajo-1-copia-4@2x-100.jpg\",\"width\":1603,\"height\":891},{\"@type\":\"BreadcrumbList\",\"@id\":\"https:\\\/\\\/incp.org.co\\\/tienda-online\\\/product\\\/examenes-experto-antifraude-y-oficial-de-cumplimiento\\\/#breadcrumb\",\"itemListElement\":[{\"@type\":\"ListItem\",\"position\":1,\"name\":\"Portada\",\"item\":\"https:\\\/\\\/incp.org.co\\\/tienda-online\\\/\"},{\"@type\":\"ListItem\",\"position\":2,\"name\":\"shop\",\"item\":\"https:\\\/\\\/incp.org.co\\\/tienda-online\\\/shop-2-2\\\/\"},{\"@type\":\"ListItem\",\"position\":3,\"name\":\"Ex\u00e1menes | Experto antifraude y Oficial de cumplimiento\"}]},{\"@type\":\"WebSite\",\"@id\":\"https:\\\/\\\/incp.org.co\\\/tienda-online\\\/#website\",\"url\":\"https:\\\/\\\/incp.org.co\\\/tienda-online\\\/\",\"name\":\"Tienda Online\",\"description\":\"\",\"publisher\":{\"@id\":\"https:\\\/\\\/incp.org.co\\\/tienda-online\\\/#organization\"},\"potentialAction\":[{\"@type\":\"SearchAction\",\"target\":{\"@type\":\"EntryPoint\",\"urlTemplate\":\"https:\\\/\\\/incp.org.co\\\/tienda-online\\\/?s={search_term_string}\"},\"query-input\":{\"@type\":\"PropertyValueSpecification\",\"valueRequired\":true,\"valueName\":\"search_term_string\"}}],\"inLanguage\":\"es\"},{\"@type\":\"Organization\",\"@id\":\"https:\\\/\\\/incp.org.co\\\/tienda-online\\\/#organization\",\"name\":\"Tienda INCP\",\"url\":\"https:\\\/\\\/incp.org.co\\\/tienda-online\\\/\",\"logo\":{\"@type\":\"ImageObject\",\"inLanguage\":\"es\",\"@id\":\"https:\\\/\\\/incp.org.co\\\/tienda-online\\\/#\\\/schema\\\/logo\\\/image\\\/\",\"url\":\"https:\\\/\\\/incp.org.co\\\/tienda-online\\\/wp-content\\\/uploads\\\/2020\\\/08\\\/Sin-t\u00edtulo-1-02-e1597256515126.png\",\"contentUrl\":\"https:\\\/\\\/incp.org.co\\\/tienda-online\\\/wp-content\\\/uploads\\\/2020\\\/08\\\/Sin-t\u00edtulo-1-02-e1597256515126.png\",\"width\":220,\"height\":170,\"caption\":\"Tienda INCP\"},\"image\":{\"@id\":\"https:\\\/\\\/incp.org.co\\\/tienda-online\\\/#\\\/schema\\\/logo\\\/image\\\/\"}}]}<\/script>\n<!-- \/ Yoast SEO plugin. -->","yoast_head_json":{"title":"Ex\u00e1menes | Experto antifraude y Oficial de cumplimiento - Tienda Online","robots":{"index":"index","follow":"follow","max-snippet":"max-snippet:-1","max-image-preview":"max-image-preview:large","max-video-preview":"max-video-preview:-1"},"canonical":"https:\/\/incp.org.co\/tienda-online\/product\/examenes-experto-antifraude-y-oficial-de-cumplimiento\/","og_locale":"es_ES","og_type":"article","og_title":"Ex\u00e1menes | Experto antifraude y Oficial de cumplimiento - Tienda Online","og_description":"Hasta agotar existencias &nbsp;  Evento virtual &nbsp;  Socio: $1.130.000 (incluye examen + IVA) No Socio: $1.240.000 (incluye examen + IVA) &nbsp;  Si eres socio INCP inicia sesi\u00f3n para acceder a las tarifas especiales","og_url":"https:\/\/incp.org.co\/tienda-online\/product\/examenes-experto-antifraude-y-oficial-de-cumplimiento\/","og_site_name":"Tienda Online","article_modified_time":"2026-02-11T13:17:53+00:00","og_image":[{"width":1603,"height":891,"url":"https:\/\/incp.org.co\/tienda-online\/wp-content\/uploads\/2024\/04\/Mesa-de-trabajo-1-copia-4@2x-100.jpg","type":"image\/jpeg"}],"twitter_card":"summary_large_image","twitter_misc":{"Tiempo de lectura":"1 minuto"},"schema":{"@context":"https:\/\/schema.org","@graph":[{"@type":"WebPage","@id":"https:\/\/incp.org.co\/tienda-online\/product\/examenes-experto-antifraude-y-oficial-de-cumplimiento\/","url":"https:\/\/incp.org.co\/tienda-online\/product\/examenes-experto-antifraude-y-oficial-de-cumplimiento\/","name":"Ex\u00e1menes | Experto antifraude y Oficial de cumplimiento - Tienda Online","isPartOf":{"@id":"https:\/\/incp.org.co\/tienda-online\/#website"},"primaryImageOfPage":{"@id":"https:\/\/incp.org.co\/tienda-online\/product\/examenes-experto-antifraude-y-oficial-de-cumplimiento\/#primaryimage"},"image":{"@id":"https:\/\/incp.org.co\/tienda-online\/product\/examenes-experto-antifraude-y-oficial-de-cumplimiento\/#primaryimage"},"thumbnailUrl":"https:\/\/incp.org.co\/tienda-online\/wp-content\/uploads\/2024\/04\/Mesa-de-trabajo-1-copia-4@2x-100.jpg","datePublished":"2024-04-30T20:34:59+00:00","dateModified":"2026-02-11T13:17:53+00:00","breadcrumb":{"@id":"https:\/\/incp.org.co\/tienda-online\/product\/examenes-experto-antifraude-y-oficial-de-cumplimiento\/#breadcrumb"},"inLanguage":"es","potentialAction":[{"@type":"ReadAction","target":["https:\/\/incp.org.co\/tienda-online\/product\/examenes-experto-antifraude-y-oficial-de-cumplimiento\/"]}]},{"@type":"ImageObject","inLanguage":"es","@id":"https:\/\/incp.org.co\/tienda-online\/product\/examenes-experto-antifraude-y-oficial-de-cumplimiento\/#primaryimage","url":"https:\/\/incp.org.co\/tienda-online\/wp-content\/uploads\/2024\/04\/Mesa-de-trabajo-1-copia-4@2x-100.jpg","contentUrl":"https:\/\/incp.org.co\/tienda-online\/wp-content\/uploads\/2024\/04\/Mesa-de-trabajo-1-copia-4@2x-100.jpg","width":1603,"height":891},{"@type":"BreadcrumbList","@id":"https:\/\/incp.org.co\/tienda-online\/product\/examenes-experto-antifraude-y-oficial-de-cumplimiento\/#breadcrumb","itemListElement":[{"@type":"ListItem","position":1,"name":"Portada","item":"https:\/\/incp.org.co\/tienda-online\/"},{"@type":"ListItem","position":2,"name":"shop","item":"https:\/\/incp.org.co\/tienda-online\/shop-2-2\/"},{"@type":"ListItem","position":3,"name":"Ex\u00e1menes | Experto antifraude y Oficial de cumplimiento"}]},{"@type":"WebSite","@id":"https:\/\/incp.org.co\/tienda-online\/#website","url":"https:\/\/incp.org.co\/tienda-online\/","name":"Tienda Online","description":"","publisher":{"@id":"https:\/\/incp.org.co\/tienda-online\/#organization"},"potentialAction":[{"@type":"SearchAction","target":{"@type":"EntryPoint","urlTemplate":"https:\/\/incp.org.co\/tienda-online\/?s={search_term_string}"},"query-input":{"@type":"PropertyValueSpecification","valueRequired":true,"valueName":"search_term_string"}}],"inLanguage":"es"},{"@type":"Organization","@id":"https:\/\/incp.org.co\/tienda-online\/#organization","name":"Tienda INCP","url":"https:\/\/incp.org.co\/tienda-online\/","logo":{"@type":"ImageObject","inLanguage":"es","@id":"https:\/\/incp.org.co\/tienda-online\/#\/schema\/logo\/image\/","url":"https:\/\/incp.org.co\/tienda-online\/wp-content\/uploads\/2020\/08\/Sin-t\u00edtulo-1-02-e1597256515126.png","contentUrl":"https:\/\/incp.org.co\/tienda-online\/wp-content\/uploads\/2020\/08\/Sin-t\u00edtulo-1-02-e1597256515126.png","width":220,"height":170,"caption":"Tienda INCP"},"image":{"@id":"https:\/\/incp.org.co\/tienda-online\/#\/schema\/logo\/image\/"}}]}},"_links":{"self":[{"href":"https:\/\/incp.org.co\/tienda-online\/wp-json\/wp\/v2\/product\/32145","targetHints":{"allow":["GET"]}}],"collection":[{"href":"https:\/\/incp.org.co\/tienda-online\/wp-json\/wp\/v2\/product"}],"about":[{"href":"https:\/\/incp.org.co\/tienda-online\/wp-json\/wp\/v2\/types\/product"}],"replies":[{"embeddable":true,"href":"https:\/\/incp.org.co\/tienda-online\/wp-json\/wp\/v2\/comments?post=32145"}],"wp:featuredmedia":[{"embeddable":true,"href":"https:\/\/incp.org.co\/tienda-online\/wp-json\/wp\/v2\/media\/32771"}],"wp:attachment":[{"href":"https:\/\/incp.org.co\/tienda-online\/wp-json\/wp\/v2\/media?parent=32145"}],"wp:term":[{"taxonomy":"product_brand","embeddable":true,"href":"https:\/\/incp.org.co\/tienda-online\/wp-json\/wp\/v2\/product_brand?post=32145"},{"taxonomy":"product_cat","embeddable":true,"href":"https:\/\/incp.org.co\/tienda-online\/wp-json\/wp\/v2\/product_cat?post=32145"},{"taxonomy":"product_tag","embeddable":true,"href":"https:\/\/incp.org.co\/tienda-online\/wp-json\/wp\/v2\/product_tag?post=32145"}],"curies":[{"name":"wp","href":"https:\/\/api.w.org\/{rel}","templated":true}]}}